{"id":163,"date":"2019-01-03T17:51:24","date_gmt":"2019-01-03T19:51:24","guid":{"rendered":"http:\/\/www.nutrirancho.com.br\/?post_type=product&#038;p=163"},"modified":"2026-04-27T16:34:39","modified_gmt":"2026-04-27T19:34:39","slug":"kit-luxo","status":"publish","type":"product","link":"https:\/\/www.nutrirancho.com.br\/?product=kit-luxo","title":{"rendered":"KIT LUXO"},"content":{"rendered":"","protected":false},"excerpt":{"rendered":"<p><span style=\"color: #993300;\"><strong>R$ 455,00 cart\u00e3o de cr\u00e9dito, vale alimenta\u00e7\u00e3o e refei\u00e7\u00e3o<br \/>\nR$ 445,00 \u00e0 vista em dinheiro, pix e d\u00e9bito<\/strong><\/span><\/p>\n<p><strong>CESTA DE ALIMENTOS<\/strong><\/p>\n<ul>\n<li>5 Kg Arroz Branco T1 Blue Ville \/ Namorado<\/li>\n<li>2 Kg Feij\u00e3o Preto T1 Blue Ville \/ Namorado<\/li>\n<li>3 Kg A\u00e7\u00facar Refinado<\/li>\n<li>2 Kg Farinha De Trigo Isabela<\/li>\n<li>1 Fermento De P\u00e3o Instant\u00e2neo Dr. Oetker 10g<\/li>\n<li>3 \u00d3leo De Soja 900ml<\/li>\n<li>1 Vinagre De \u00c1lcool 750ml<\/li>\n<li>1 Kg Sal Refinado<\/li>\n<li>1 Tempero Completo S\/ Pimenta 290g<\/li>\n<li>2 Macarr\u00e3o Espaguete C\/ Ovos Orqu\u00eddea 500g<\/li>\n<li>2 Macarr\u00e3o Parafuso C\/ Ovos Orqu\u00eddea 500g<\/li>\n<li>2 Macarr\u00e3o Miojo Nissin L\u00e1men 85g<\/li>\n<li>2 Molho De Tomate Sach\u00ea Fugini 300g<\/li>\n<li>2 Extrato De Tomate Sach\u00ea Fugini 300g<\/li>\n<li>1 Polenta 500g<\/li>\n<li>1 Mistura P\/ Bolo Orqu\u00eddea 350g<\/li>\n<li>1 Caf\u00e9 Melitta 500g<\/li>\n<li>1 Lata De Nescau 370g<\/li>\n<li>1 Biscoito Maria Orqu\u00eddea 320g<\/li>\n<li>1 Biscoito \u00c1gua E Sal Orqu\u00eddea 320g<\/li>\n<li>1 Chimia Da Serra 400g<\/li>\n<li>2 Refresco Em P\u00f3 Tang 25g<\/li>\n<li>1 Bandeja Com 20 Ovos<\/li>\n<li>1 Caixa De Leite Com 12 Lt<\/li>\n<\/ul>\n<p>&nbsp;<\/p>\n<p><strong>CESTA DE LIMPEZA<\/strong><\/p>\n<ul>\n<li>Pct De Papel Higi\u00eanico Folha Dupla Doble 4&#215;30 Mt<\/li>\n<li>1 Creme Dental Colgate 90g<\/li>\n<li>2 Sabonete Sensus 90g<\/li>\n<li>1 Esponja Cozinha Multiuso<\/li>\n<li>1 Pct De L\u00e3 De A\u00e7o C\/8<\/li>\n<li>1 Detergente Limpol 500ml<\/li>\n<li>1 Desinfetante Gota Limpa 500ml<\/li>\n<li>1 Sab\u00e3o Em P\u00f3 Omo 800gr<\/li>\n<\/ul>\n<p>&nbsp;<\/p>\n<p><strong>CESTA KIDS<\/strong><\/p>\n<ul>\n<li>6 Bebida L\u00e1ctea Bob Esponja De Chocolate Eleg\u00ea 200ml<\/li>\n<li>1 Bandeja Pettit Suisse Bob Esponja Morango Eleg\u00ea 320g<\/li>\n<li>2 Bandeja Bebida L\u00e1ctea De Morango\/Coco Eleg\u00ea 510g<\/li>\n<li>6 Suco Sabores Marat\u00e1 200ml<\/li>\n<li>2 Biscoito Passatempo Morango\/Chocolate Nestl\u00e9 130g<\/li>\n<li>2 Biscoito Bono Morango\/Chocolate Nestl\u00e9 126g<\/li>\n<li>2 Wafer Morango\/Chocolate Orqu\u00eddea 90g<\/li>\n<li>1 Torrada Bauducco 142g<\/li>\n<\/ul>\n","protected":false},"featured_media":840,"comment_status":"open","ping_status":"closed","template":"","meta":[],"product_cat":[22],"product_tag":[],"_links":{"self":[{"href":"https:\/\/www.nutrirancho.com.br\/index.php?rest_route=\/wp\/v2\/product\/163"}],"collection":[{"href":"https:\/\/www.nutrirancho.com.br\/index.php?rest_route=\/wp\/v2\/product"}],"about":[{"href":"https:\/\/www.nutrirancho.com.br\/index.php?rest_route=\/wp\/v2\/types\/product"}],"replies":[{"embeddable":true,"href":"https:\/\/www.nutrirancho.com.br\/index.php?rest_route=%2Fwp%2Fv2%2Fcomments&post=163"}],"wp:featuredmedia":[{"embeddable":true,"href":"https:\/\/www.nutrirancho.com.br\/index.php?rest_route=\/wp\/v2\/media\/840"}],"wp:attachment":[{"href":"https:\/\/www.nutrirancho.com.br\/index.php?rest_route=%2Fwp%2Fv2%2Fmedia&parent=163"}],"wp:term":[{"taxonomy":"product_cat","embeddable":true,"href":"https:\/\/www.nutrirancho.com.br\/index.php?rest_route=%2Fwp%2Fv2%2Fproduct_cat&post=163"},{"taxonomy":"product_tag","embeddable":true,"href":"https:\/\/www.nutrirancho.com.br\/index.php?rest_route=%2Fwp%2Fv2%2Fproduct_tag&post=163"}],"curies":[{"name":"wp","href":"https:\/\/api.w.org\/{rel}","templated":true}]}}