{"id":56,"date":"2017-12-11T11:14:18","date_gmt":"2017-12-11T13:14:18","guid":{"rendered":"http:\/\/www.nutrirancho.com.br\/?page_id=56"},"modified":"2022-10-02T15:01:46","modified_gmt":"2022-10-02T18:01:46","slug":"about","status":"publish","type":"page","link":"https:\/\/www.nutrirancho.com.br\/?page_id=56","title":{"rendered":"Quem Somos"},"content":{"rendered":"<p><img loading=\"lazy\" decoding=\"async\" class=\"wp-image-652 size-medium alignleft\" src=\"http:\/\/www.nutrirancho.com.br\/wp-content\/uploads\/2022\/10\/loja-225x300.jpg\" alt=\"\" width=\"225\" height=\"300\" srcset=\"https:\/\/www.nutrirancho.com.br\/wp-content\/uploads\/2022\/10\/loja-225x300.jpg 225w, https:\/\/www.nutrirancho.com.br\/wp-content\/uploads\/2022\/10\/loja-766x1024.jpg 766w, https:\/\/www.nutrirancho.com.br\/wp-content\/uploads\/2022\/10\/loja-768x1026.jpg 768w, https:\/\/www.nutrirancho.com.br\/wp-content\/uploads\/2022\/10\/loja-416x556.jpg 416w, https:\/\/www.nutrirancho.com.br\/wp-content\/uploads\/2022\/10\/loja.jpg 958w\" sizes=\"(max-width: 225px) 100vw, 225px\" \/><\/p>\n<p>A Nutrirancho \u00e9 uma empresa familiar fundada em 2017 , estamos localizados no centro da cidade de Viam\u00e3o\/RS. Atuamos no mercado de Cestas B\u00e1sicas, Cestas Personalizadas, Cestas Empresas e Cestas Natalinas.<br \/>\nSomos uma empresa preocupada com a qualidade de nossos produtos, sempre buscando manter pre\u00e7os competitivos. Temos frota pr\u00f3pria, por isso contamos com agilidade em nossas entregas.<br \/>\nNosso trabalho \u00e9 baseado na honestidade, \u00e9tica e profissionalismo, pois fazemos tudo com muita dedica\u00e7\u00e3o.<br \/>\nValorizamos as pessoas, acreditamos nas parcerias seja com nossos fornecedores, clientes ou colaboradores.<br \/>\nAtendemos o cliente residencial, com uma variedade de cestas e produtos para diversos perfis de fam\u00edlias. Estamos preparados para atender a todos os tipos de empresa.<\/p>\n<p>Al\u00e9m de nossa loja virtual possu\u00edmos tamb\u00e9m uma loja F\u00edsica que tamb\u00e9m \u00e9 o nosso Centro de Distribui\u00e7\u00e3o.<\/p>\n","protected":false},"excerpt":{"rendered":"<p>A Nutrirancho \u00e9 uma empresa familiar fundada em 2017 , estamos localizados no centro da cidade de Viam\u00e3o\/RS. Atuamos no mercado de Cestas B\u00e1sicas, Cestas Personalizadas, Cestas Empresas e Cestas Natalinas. Somos uma empresa preocupada com a qualidade de nossos produtos, sempre buscando manter pre\u00e7os competitivos. Temos frota pr\u00f3pria, por isso contamos com agilidade em [&hellip;]<\/p>\n","protected":false},"author":1,"featured_media":0,"parent":0,"menu_order":0,"comment_status":"closed","ping_status":"closed","template":"","meta":{"footnotes":""},"_links":{"self":[{"href":"https:\/\/www.nutrirancho.com.br\/index.php?rest_route=\/wp\/v2\/pages\/56"}],"collection":[{"href":"https:\/\/www.nutrirancho.com.br\/index.php?rest_route=\/wp\/v2\/pages"}],"about":[{"href":"https:\/\/www.nutrirancho.com.br\/index.php?rest_route=\/wp\/v2\/types\/page"}],"author":[{"embeddable":true,"href":"https:\/\/www.nutrirancho.com.br\/index.php?rest_route=\/wp\/v2\/users\/1"}],"replies":[{"embeddable":true,"href":"https:\/\/www.nutrirancho.com.br\/index.php?rest_route=%2Fwp%2Fv2%2Fcomments&post=56"}],"version-history":[{"count":7,"href":"https:\/\/www.nutrirancho.com.br\/index.php?rest_route=\/wp\/v2\/pages\/56\/revisions"}],"predecessor-version":[{"id":655,"href":"https:\/\/www.nutrirancho.com.br\/index.php?rest_route=\/wp\/v2\/pages\/56\/revisions\/655"}],"wp:attachment":[{"href":"https:\/\/www.nutrirancho.com.br\/index.php?rest_route=%2Fwp%2Fv2%2Fmedia&parent=56"}],"curies":[{"name":"wp","href":"https:\/\/api.w.org\/{rel}","templated":true}]}}