{"id":375,"date":"2019-07-01T14:43:00","date_gmt":"2019-07-01T17:43:00","guid":{"rendered":"http:\/\/www.nutrirancho.com.br\/?page_id=375"},"modified":"2019-07-01T14:43:00","modified_gmt":"2019-07-01T17:43:00","slug":"atendimento-corporativo","status":"publish","type":"page","link":"https:\/\/www.nutrirancho.com.br\/?page_id=375","title":{"rendered":"Atendimento corporativo"},"content":{"rendered":"<p>Aproveite nossas condi\u00e7\u00f5es e pre\u00e7os especiais para sua empresa.<\/p>\n<p>As cestas b\u00e1sicas com a melhor composi\u00e7\u00e3o para atender o\u00a0<strong>acordo Coletivo de Trabalho<\/strong>\u00a0entre o\u00a0<strong>Sindicato dos Trabalhadores<\/strong>\u00a0e o das\u00a0<strong>Empresas da mesma categoria<\/strong>, com os melhores produtos do mercado, de marcas renomadas, estruturadas com as propriedades nutricionais assegurando a\u00a0<strong>alimenta\u00e7\u00e3o saud\u00e1vel de seus associados<\/strong>.<\/p>\n<p>Entre hoje mesmo em contato e saiba mais!<\/p>\n","protected":false},"excerpt":{"rendered":"<p>Aproveite nossas condi\u00e7\u00f5es e pre\u00e7os especiais para sua empresa. As cestas b\u00e1sicas com a melhor composi\u00e7\u00e3o para atender o\u00a0acordo Coletivo de Trabalho\u00a0entre o\u00a0Sindicato dos Trabalhadores\u00a0e o das\u00a0Empresas da mesma categoria, com os melhores produtos do mercado, de marcas renomadas, estruturadas com as propriedades nutricionais assegurando a\u00a0alimenta\u00e7\u00e3o saud\u00e1vel de seus associados. Entre hoje mesmo em contato [&hellip;]<\/p>\n","protected":false},"author":1,"featured_media":0,"parent":0,"menu_order":0,"comment_status":"closed","ping_status":"closed","template":"","meta":{"footnotes":""},"_links":{"self":[{"href":"https:\/\/www.nutrirancho.com.br\/index.php?rest_route=\/wp\/v2\/pages\/375"}],"collection":[{"href":"https:\/\/www.nutrirancho.com.br\/index.php?rest_route=\/wp\/v2\/pages"}],"about":[{"href":"https:\/\/www.nutrirancho.com.br\/index.php?rest_route=\/wp\/v2\/types\/page"}],"author":[{"embeddable":true,"href":"https:\/\/www.nutrirancho.com.br\/index.php?rest_route=\/wp\/v2\/users\/1"}],"replies":[{"embeddable":true,"href":"https:\/\/www.nutrirancho.com.br\/index.php?rest_route=%2Fwp%2Fv2%2Fcomments&post=375"}],"version-history":[{"count":1,"href":"https:\/\/www.nutrirancho.com.br\/index.php?rest_route=\/wp\/v2\/pages\/375\/revisions"}],"predecessor-version":[{"id":376,"href":"https:\/\/www.nutrirancho.com.br\/index.php?rest_route=\/wp\/v2\/pages\/375\/revisions\/376"}],"wp:attachment":[{"href":"https:\/\/www.nutrirancho.com.br\/index.php?rest_route=%2Fwp%2Fv2%2Fmedia&parent=375"}],"curies":[{"name":"wp","href":"https:\/\/api.w.org\/{rel}","templated":true}]}}